at is x(c)?
-3
Suppose 37*n - 72 + 22 - 61 = 0. Let w(j) = -7*j**3 - 2*j**2 + 1. Let z(x) = -x**3 - x**2. Let h(y) = w(y) - 6*z(y). Give h(n).
10
Let z = -1498 + 1481. Let v(q) = 2*q + 24. What is v(z)?
-10
Let c(w) = 4*w. Let d be (3 + -4 + 0)/((-6)/(-12)). What is c(d)?
-8
Let r(b) be the first derivative of b**4/4 - b**3 - 11*b**2/2 + 8*b + 735. Calculate r(5).
3
Let i(f) = -f**2 + 8*f - 6. Let r(l) = -1 - 4*l - 6*l + 0*l**2 + 2*l**2 - 3*l**2. Let m be r(-9). Calculate i(m).
-6
Let a(y) be the first derivative of -y**2 - 14*y - 280. Calculate a(-6).
-2
Suppose -2*n - 4*p + 4 - 26 = 0, -2*n - 18 = 5*p. Let m(q) = -q**3 - 19*q**2 - 2*q - 28. Determine m(n).
10
Let o(l) = 5*l - 4. Let t = -634 + 638. Determine o(t).
16
Let u(h) = 7*h**2 + 2*h + 3. Suppose -3*y + 4 = -5*c, 5*c + 7 = -2*y - 7. Give u(c).
27
Let h(t) = -t + 5. Let v(q) = 2*q - 12. Let d be v(8). Let x be h(d). Let g(p) = 0 - 2 - x + p + p**2 + 4. What is g(-2)?
3
Let q(z) = -2*z**2 - 20*z - 11. Let m(c) = c**2 + 10*c + 6. Let r(a) = -5*m(a) - 2*q(a). Calculate r(-7).
13
Suppose -2*v = 2*v + 52. Let u(s) = s**2 + 13*s + 4. Let l be u(v). Let y(h) be the second derivative of h**4/12 - 5*h**3/6 - 3*h**2/2 + h. Calculate y(l).
-7
Let s(r) = -r**3 - 11*r**2 - 10*r + 7. Let g be s(-10). Suppose x - 3*d - 14 = d, x = -3*d - g. Let f(l) = 7*l - 14*l + l**2 + 3*l + 2*l + 3 - l**3. Give f(x).
-5
Suppose 3*l - 41 + 11 = 0. Let c(j) = 19 - 4 - 4 - 4*j - l. What is c(-1)?
5
Let a(g) be the third derivative of 0 + 1/8*g**4 + 0*g + 16*g**2 + 0*g**3 - 1/20*g**5. Let f be 8/6 - 2/(-3). Determine a(f).
-6
Suppose 0 = -66*v + 231 + 231. Let o(p) = -3*p**3 + 24*p**2 - 29*p + 13. Let i(n) = -n**3 + 8*n**2 - 10*n + 4. Let r(d) = 8*i(d) - 3*o(d). Determine r(v).
-7
Suppose 8 = 4*i - 4*v, 1 + 3 = -2*i + 4*v. Let b = i - 7. Let p(a) = -2 + 3 - 2*a + 3*a + 0*a + a**2. Give p(b).
1
Let z(j) = -4*j**2 - 5*j - 3. Let r(x) = -x**2 - x - 1. Let h(p) = -5*r(p) + z(p). Let u = 11 + -2. Let i = u - 11. Calculate h(i).
6
Let f(g) = 2*g - 2. Suppose 0 = 4*v - s - 20, 2*v = 4*s + 1 - 5. Suppose 0 = -v*z + 2*z - 2*k + 26, -4*k - 4 = 0. Let x be 3 - (z - 3) - -3. Determine f(x).
2
Let u(s) = -s - 2. Let y be (-3 - (6 - 3))/(-2). Suppose -y = p + 2*w, 0 = -5*p - 4*w - 2 - 13. Calculate u(p).
1
Let v(m) = -11*m - 6*m - 24*m**2 + m - 4*m + 3 - 3*m - m**3. Calculate v(-23).
3
Let g(o) = -5*o + 3*o**3 - 6*o**3 + 4*o**3 - 3*o**2 - 3. Suppose 3*s - 3 = -4*d + 25, -16 = d - 5*s. Give g(d).
-7
Let s(x) = x**2 - 3*x - 6. Let h be (-143)/(-117) + 4/(-18) + -4. Suppose 2*a = -3*i + 3 - 20, 21 = -a - 4*i. Let r be h*((-32)/12 - a). What is s(r)?
4
Let a = 783 - 777. Let r(k) = k**3 - 6*k**2 + 2*k - 19. Calculate r(a).
-7
Let v(m) = 7*m**2 - 1 + 10 + m**3 - 2*m**3 - 8*m. Let b be (-6)/(-21) + (-328)/(-28). Suppose -44*a + b = -42*a. What is v(a)?
-3
Let u(k) = 223 + 2*k - 442 + 221 + 2*k**2 - k**3. What is u(3)?
-1
Let w = -15 - -21. Let o(h) = 16*h - 2 - w*h - 4*h + 2*h**2 - h**2. Determine o(-6).
-2
Let t(l) = l**3 - 7*l**2 - 6*l - 20. Let f be ((63/(-14))/3)/(21/(-112)). What is t(f)?
-4
Let s(n) = -9*n**3 - n**2 + 1. Let m(q) = -4*q**3 + 0*q**3 - 10 - q**3 + 4*q**3 - 4*q**2 - 6*q. Let l be m(-3). Give s(l).
9
Let o(f) = f**3 + f**2 + f + 1. Suppose -5*j = 5*l - 135, -4*j - 3*l + 45 = -63. Let z = j - 27. What is o(z)?
1
Let t(b) = -16*b**3 + 30*b**2 - 9*b + 20. Let l(q) = -3*q**3 + 6*q**2 - 2*q + 4. Let i(j) = 11*l(j) - 2*t(j). Let n = 896 - 891. What is i(n)?
9
Suppose 4*d - 13 - 3 = 0. Let p(i) be the third derivative of i**6/120 - i**5/20 - i**4/12 - 2*i**3/3 - 3*i**2. Give p(d).
4
Let w(o) = -2*o + 637 - 633 - 2*o**2 - o. Let d = -6 + 3. What is w(d)?
-5
Let v(t) be the first derivative of 3/2*t**2 - 9*t + 39. Determine v(6).
9
Let q(g) = -g**3 + 4*g**2 - g + 4. Let n be q(4). Let k(z) be the first derivative of -z**2/2 + 9*z + 51. Determine k(n).
9
Let q(i) = i**3 - 6*i**2 - 2*i + 6. Let m be q(6). Let t(a) be the second derivative of a**3/6 + 5*a**2/2 + 2418*a. Determine t(m).
-1
Let c(v) be the first derivative of -4*v + 1/6*v**3 + 2*v**2 - 4. Let m(s) be the first derivative of c(s). Calculate m(-3).
1
Let y(q) = 22*q + 10 + 17*q - 40*q. Let s(c) = c**3 - 14*c**2 + 13*c + 7. Let f be s(13). Give y(f).
3
Suppose 2*u + 15 = 5. Let d(q) = -1. Let s(y) = -y**2 + 9. Let g(o) = u*d(o) - s(o). What is g(3)?
5
Let q(x) = x**3 - 6*x**2 - 6*x - 7. Let c(h) = 81 + 2*h**3 + 8*h**2 - 164 + 10*h - 27*h**2 + 81. Let w = 20 + -11. Let m be c(w). Calculate q(m).
0
Let x(y) = -6*y**2 - 2*y - 2. Let j(r) = 5*r**2 + r + 2. Let c(h) = -7*j(h) - 6*x(h). Calculate c(-4).
-6
Let w(p) be the first derivative of -2*p**3/3 - 7*p**2/2 - 10*p - 83. What is w(-4)?
-14
Let m(a) = 0 + a + 3 + 6 - 12. Suppose 2*f - 3*f + 2 = 0. What is m(f)?
-1
Suppose 0 = -3*l - 2*l - 2*p - 760, -2*l - 304 = p. Let d be 12/78 + l/(-26). Let c(u) = -u**3 + 6*u**2. Calculate c(d).
0
Let b(t) = -t**2 - 4*t + 4. Let u = -279 - -281. Give b(u).
-8
Let n(w) be the second derivative of w**5/60 - w**4/4 - w**3/3 - w**2 - 42*w. Let g(b) be the first derivative of n(b). Give g(6).
-2
Let w(g) = -5*g**2 - 4*g - 3. Let a(q) = -7*q**2 - 5*q - 2. Let b(k) = 3*a(k) - 4*w(k). What is b(0)?
6
Suppose s + 3*s + 5*n - 19 = 0, -s = 2*n - 4. Let f(t) be the second derivative of -1/12*t**4 - 3/2*t**2 + t**3 + 0 - 8*t. Give f(s).
-3
Let p(q) = -q**3 - 12*q - 6*q + 7*q**2 + 19*q - 10*q. Determine p(5).
5
Let y(t) = -t - 1. Let c be y(-3). Let o(k) = 6*k - 2. Let m(l) = 7*l - 3. Let a(q) = c*m(q) - 3*o(q). Give a(3).
-12
Let x be 9 + -4 - (0 - -1). Let g(b) = b**2 - 6*b + 7. Let z be g(x). Let f(t) = -3 + 5 - 1 - 7*t**2 + 2*t. What is f(z)?
-8
Let r(s) = -3*s - 16. Let n(x) = 2*x + 10. Let t(i) = -10*n(i) - 6*r(i). Calculate t(6).
-16
Let p(v) = -4*v**3 - 8*v**2 + 6*v - 9. Let l(d) = -5*d**3 - 9*d**2 + 7*d - 10. Let h(w) = 5*l(w) - 6*p(w). Let m(y) = -y + 11. Let b be m(8). What is h(b)?
1
Let z be (4 - 4)/(-1) + -1. Let t(r) be the third derivative of 1/60*r**5 + 0 + 0*r**3 - 2*r**2 + 0*r + 1/24*r**4. What is t(z)?
0
Let q(p) = -6*p + 1. Suppose 0 = -5*d + 18 - 3. Let a(s) = 0 - d + 2 + 3 - s. Let g be a(0). Determine q(g).
-11
Let w(a) = 2*a**3 - 5*a - 4. Let u = -2381 - -2380. What is w(u)?
-1
Let j be (-19 + 1)*(-4)/(-6). Let z(i) = i**3 + 11*i**2 - 12*i + 11. Calculate z(j).
11
Let j(n) = n**3 - 6*n**2 - 5*n + 5. Let a(p) = p**3 - 6*p**2 - 6*p + 6. Let l(c) = -4*a(c) + 5*j(c). Give l(6).
-5
Let g(p) = p. Let c(r) = 2*r - 1. Let u be c(8). Suppose a - d = 2*d + u, 3*a - 20 = 4*d. Suppose a = -b - 3*b + 20. What is g(b)?
5
Suppose 2*n = -4*z - 20 - 8, -5*n - 5 = -3*z. Let u be (-3)/6*(16*2)/n. Let x(s) = s**3 - 4*s**2 - 4*s + 1. Give x(u).
-15
Let x(c) = c**3 + 3*c**2 + 3*c - 3. Let j = -62 - -56. Let b = j + 3. Give x(b).
-12
Let n(f) be the third derivative of -f**4/6 + 4*f**3 - f**2. Let z be n(7). Let g(l) = l - 3. Give g(z).
-7
Let b be (48/(-32))/(6/28). Let c(t) = t + 5. What is c(b)?
-2
Let l(m) = 2*m**2 + m - 2. Let z = -705 + 706. What is l(z)?
1
Let x(b) = 5 - 10*b - b**3 + 9*b**2 - 7*b**2 - b**2 - 10*b**2 + b. Give x(-8).
13
Let j = 22 + -35. Let q = -8 - j. Let m(i) be the third derivative of -i**4/24 + i**3 - 9*i**2. Determine m(q).
1
Let b(l) = -l**3 - 7*l**2 - 2*l - 7. Suppose -14 - 56 = 10*k. Calculate b(k).
7
Let s(p) be the third derivative of -p**5/60 + 7*p**4/24 - p**3/6 - 67*p**2. Determine s(7).
-1
Let a(s) = s**2 - 1. Let o(v) = -v**3 + 2*v**3 - 5*v**2 + 6*v**2 + 6*v + 7 - 12*v**2. Let z(g) = 5*a(g) + o(g). Calculate z(5).
7
Let q(x) = 4*x - 5. Let s(p) = -p - 1. Let j(a) = 4*a + 5. Let y(v) = j(v) + 5*s(v). Let w(o) = q(o) + 3*y(o). Suppose 2*b - 16 = -2*b. What is w(b)?
-1
Let j = -457 - -449. Let q(p) = -p**2 - 9*p + 3. Determine q(j).
11
Let n(c) = -c**2 + 10*c - 2. Let g be n(6). Let d = 19 - g. Let b(l) = l - 2. Let m(i) = -3*i + 5. Let t(o) = 8*b(o) + 3*m(o). Determine t(d).
2
Let g(a) = -10*a**3 + 2*a - 1. Let y be (-3 - (-17)/6)*2*-3. Let u(p) = 2*p**2 + p - 2. Let f be u(y). What is g(f)?
-9
Let j(w) = -4907*w + 2461*w + 2461*w - 1. Determine j(-2).
-31
Let q(i) = -2*i**2 - 16*i - 6 - 7*i + i**2 + 26*i. Let z be q(0). Let o(f) = f**2 - 2*f + 5*f - 1 + f. Give o(z).
11
Let c = 5 + 0. Let m(q) = 2 + 11*q - 22*q - 7 + 12*q. Calculate m(c).
0
Let r(d) be 